the remainder when 336644 is divided by 111856.
1076
Calculate the remainder when 64126 is divided by 5654.
1932
What is the remainder when 26261535 is divided by 8789?
3
What is the remainder when 208138 is divided by 41474?
768
Calculate the remainder when 2344770 is divided by 1172335.
100
Calculate the remainder when 243131 is divided by 6224.
395
What is the remainder when 1134596489 is divided by 87?
83
What is the remainder when 891020 is divided by 296998?
26
What is the remainder when 111846 is divided by 106533?
5313
What is the remainder when 16746770 is divided by 985104?
2
Calculate the remainder when 1347790 is divided by 6840.
310
Calculate the remainder when 18763990 is divided by 16474.
104
What is the remainder when 4738511 is divided by 390?
11
Calculate the remainder when 1127132399 is divided by 240.
239
What is the remainder when 212267 is divided by 1632?
107
What is the remainder when 36482707 is divided by 22?
19
What is the remainder when 80794 is divided by 1087?
356
Calculate the remainder when 1015229 is divided by 129.
128
Calculate the remainder when 1053565 is divided by 131669.
213
What is the remainder when 182768 is divided by 113?
47
What is the remainder when 16900668 is divided by 4225154?
52
What is the remainder when 84465 is divided by 2179?
1663
Calculate the remainder when 7159780 is divided by 60.
40
Calculate the remainder when 904255 is divided by 45.
25
What is the remainder when 202460 is divided by 50502?
452
What is the remainder when 147648 is divided by 147418?
230
What is the remainder when 139512 is divided by 9294?
102
What is the remainder when 54740 is divided by 2889?
2738
Calculate the remainder when 700451 is divided by 13470.
11
What is the remainder when 753161 is divided by 1932?
1613
What is the remainder when 680741 is divided by 374?
61
What is the remainder when 648003425 is divided by 69?
68
Calculate the remainder when 7686015 is divided by 4768.
4767
Calculate the remainder when 1061840 is divided by 213.
35
What is the remainder when 7838335 is divided by 38?
37
Calculate the remainder when 109267406 is divided by 6.
2
Calculate the remainder when 3189510 is divided by 318948.
30
Calculate the remainder when 192086 is divided by 64016.
38
Calculate the remainder when 23496311 is divided by 1299.
1298
Calculate the remainder when 193397 is divided by 197.
140
Calculate the remainder when 6724147 is divided by 99.
67
Calculate the remainder when 266296 is divided by 6828.
4
What is the remainder when 96442907 is divided by 2352266?
1
What is the remainder when 595897 is divided by 194?
123
What is the remainder when 275570 is divided by 5705?
1730
What is the remainder when 59911 is divided by 14933?
179
What is the remainder when 2261835 is divided by 1707?
60
What is the remainder when 1958590 is divided by 16598?
26
What is the remainder when 3365494 is divided by 26089?
13
Calculate the remainder when 6104069 is divided by 3052034.
1
Calculate the remainder when 20832806 is divided by 3021.
3011
What is the remainder when 28674151 is divided by 2436?
2431
Calculate the remainder when 318428 is divided by 6774.
50
What is the remainder when 3090796 is divided by 13?
7
What is the remainder when 159729520 is divided by 802?
794
Calculate the remainder when 449075503 is divided by 47.
44
What is the remainder when 41160384 is divided by 7244?
7220
What is the remainder when 16950433 is divided by 52?
45
What is the remainder when 273564 is divided by 5180?
4204
Calculate the remainder when 40122 is divided by 1013.
615
What is the remainder when 12849312 is divided by 2332?
2324
Calculate the remainder when 101867 is divided by 50567.
733
Calculate the remainder when 6472 is divided by 733.
608
Calculate the remainder when 24599 is divided by 1109.
201
What is the remainder when 109346 is divided by 9111?
14
Calculate the remainder when 3182661 is divided by 73.
7
What is the remainder when 19448 is divided by 7558?
4332
Calculate the remainder when 590649 is divided by 276.
9
Calculate the remainder when 154991165 is divided by 8185.
5
Calculate the remainder when 5697501 is divided by 99956.
9
Calculate the remainder when 105801 is divided by 41.
21
What is the remainder when 38742958 is divided by 31?
26
Calculate the remainder when 35460322 is divided by 79.
66
Calculate the remainder when 22176527 is divided by 797.
2
What is the remainder when 498321 is divided by 124542?
153
What is the remainder when 329034 is divided by 677?
12
What is the remainder when 10574469 is divided by 386?
385
What is the remainder when 14203182 is divided by 264?
246
Calculate the remainder when 4930080 is divided by 106.
20
What is the remainder when 173798 is divided by 2197?
235
Calculate the remainder when 33648 is divided by 6716.
68
What is the remainder when 11812689 is divided by 295317?
9
What is the remainder when 40530297 is divided by 4214?
45
Calculate the remainder when 44791 is divided by 42731.
2060
Calculate the remainder when 242215504 is divided by 1846.
1844
What is the remainder when 775167000 is divided by 28?
20
What is the remainder when 237412 is divided by 2491?
767
What is the remainder when 70808 is divided by 7779?
797
Calculate the remainder when 11759510 is divided by 23.
1
What is the remainder when 1500447 is divided by 8526?
8397
What is the remainder when 559579 is divided by 559423?
156
What is the remainder when 131897 is divided by 1405?
1232
What is the remainder when 27002 is divided by 1769?
467
What is the remainder when 53560898 is divided by 13390223?
6
What is the remainder when 10845555 is divided by 205?
30
Calculate the remainder when 1066707 is divided by 71113.
12
Calculate the remainder when 4193676 is divided by 1077.
915
What is the remainder when 20769 is divided by 942?
45
What is the remainder when 793942 is divided by 491?
486
What is the remainder when 45625316 is divided by 333?
320
What is the remainder when 113167 is divided by 2133?
118
What is the remainder when 169366 is divided by 75708?
17950
Calculate the remainder when 25899643 is divided by 1791.
1783
What is the remainder when 114865 is divided by 38140?
445
What is the remainder when 6920727 is divided by 24?
15
What is the remainder when 68350947 is divided by 1158?
1155
What is the remainder when 3149852 is divided by 3149667?
185
Calculate the remainder when 153816398 is divided by 25.
23
Calculate the remainder when 170049 is divided by 472.
129
What is the remainder when 540122 is divided by 177?
95
What is the remainder when 2908777 is divided by 28?
25
What is the remainder when 19515489 is divided by 19515485?
4
Calculate the remainder when 3988845 is divided by 265917.
90
What is the remainder when 114026 is divided by 12193?
4289
Calculate the remainder when 148919668 is divided by 2414.
8
What is the remainder when 36322322 is divided by 12321?
14
Calculate the remainder when 5592172 is divided by 322.
320
Calculate the remainder when 923254 is divided by 36.
34
What is the remainder when 1725359 is divided by 23960?
239
Calculate the remainder when 196859 is divided by 1289.
931
What is the remainder when 482011 is divided by 160412?
775
What is the remainder when 115207 is divided by 7678?
37
Calculate the remainder when 38812 is divided by 37321.
1491
Calculate the remainder when 18648 is divided by 342.
180
Calculate the remainder when 97326 is divided by 8808.
438
Calculate the remainder when 3640905 is divided by 373.
52
Calculate the remainder when 1566792 is divided by 11520.
72
Calculate the remainder when 2451155 is divided by 2451112.
43
What is the remainder when 19555862 is divided by 2014?
1936
What is the remainder when 180686 is divided by 59622?
1820
What is the remainder when 737307 is divided by 2569?
4
What is the remainder when 21252 is divided by 21031?
221
What is the remainder when 30053 is divided by 7113?
1601
Calculate the remainder when 11975143 is divided by 53942.
19
What is the remainder when 109368 is divided by 996?
804
Calculate the remainder when 2444402 is divided by 1262.
1170
Calculate the remainder when 472803 is divided by 2809.
891
Calculate the remainder when 24612113 is divided by 141.
140
What is the remainder 